.
125
Let r(w) = 21*w**2 + 362*w - 8054. Give r(-30).
-14
Let h(q) = -q**3 - 7*q**2 - 4349*q - 8687. Calculate h(-2).
-9
Let o(g) = 39*g + 194. Calculate o(0).
194
Let o(n) = -26562*n + 424616. What is o(16)?
-376
Let i(a) = -15*a**2 + 4088*a + 136137. Calculate i(-30).
-3
Let x(z) = -1089*z + 52283. What is x(48)?
11
Let f(y) = -y**3 - 45*y**2 + 755*y + 305. Give f(-58).
247
Let d(t) = 5345*t + 48080. What is d(-9)?
-25
Let u(k) = -449*k - 35023. What is u(-78)?
-1
Let l(v) = 233*v - 105140. Calculate l(451).
-57
Let z(r) = -2*r**3 + 358*r**2 + 19621*r - 137. What is z(-44)?
-5
Let x(a) = 12*a**3 - 8973*a**2 - 2246*a + 1485. What is x(748)?
-11
Let j(p) = p**2 - 2646074*p - 9. Give j(0).
-9
Let u(p) = 641*p + 30609. Give u(-48).
-159
Let d(j) = 3208*j + 97180. Give d(-30).
940
Let c(a) = 3*a**3 + 25*a**2 + 50*a + 608. Determine c(-9).
-4
Let x(b) = 1539*b - 403210. Calculate x(262).
8
Let n(z) = 269*z**2 - 2151*z + 17. Give n(8).
25
Let g(z) = 1639*z + 14698. What is g(-9)?
-53
Let h(d) = -152221*d + 3957733. Determine h(26).
-13
Let b(v) = 71436*v + 500048. Determine b(-7).
-4
Let b(l) = -1451*l - 27504. Determine b(-19).
65
Let c(b) = -7*b**2 + 561*b + 25124. Determine c(-32).
4
Let r(f) = 4*f**3 + 34*f**2 - 57*f - 25. Determine r(-11).
-608
Let o(l) = 2*l**2 - 793*l + 12142. What is o(16)?
-34
Let y(f) = -4*f**3 - 17*f**2 + 2483*f + 9972. Calculate y(-4).
24
Let u(x) = 285*x + 23489. Calculate u(-82).
119
Let n(w) = -2*w**2 - 285*w - 697. What is n(-140)?
3
Let k(j) = -9*j**2 - 138*j + 908. Give k(6).
-244
Let v(w) = -526*w - 12144. Give v(-27).
2058
Let r(m) = -10*m**2 - 399*m + 27. Calculate r(-40).
-13
Let o(c) = 27*c**2 - 174*c + 1. What is o(6)?
-71
Let n(v) = 276*v + 1627. Determine n(-3).
799
Let x(n) = -792*n**2 - 139393*n + 47. What is x(-176)?
223
Let h(l) = 314*l**2 + 947*l + 24. Determine h(-3).
9
Let o(p) = 961*p - 15539. What is o(16)?
-163
Let k(b) = -177*b**2 - 8806*b - 8807. Calculate k(-1).
-178
Let b(c) = c**3 - 231*c**2 + 887*c + 4716. Determine b(227).
-51
Let q(i) = -441*i**2 - 2140*i + 204. Determine q(-5).
-121
Let w(f) = -806*f**2 - 515*f + 2201. Calculate w(-2).
7
Let k(h) = 103*h**2 + 2312*h + 2312. What is k(-1)?
103
Let i(r) = 2*r**3 - 10*r**2 - 4*r + 109. Determine i(10).
1069
Let b(w) = w**3 + 169*w**2 + 4737*w + 6248. Calculate b(-134).
-50
Let q(c) = -21651*c - 129909. What is q(-6)?
-3
Let t(j) = -18*j**2 + 601*j + 25686. Give t(58).
-8
Let z(m) = 299*m - 11417. Give z(39).
244
Let k(x) = -5696*x + 837286. Determine k(147).
-26
Let d(s) = 3*s**2 + 15249*s - 137480. Calculate d(9).
4
Let q(v) = 9031*v + 278111. Determine q(-31).
-1850
Let y(k) = 2096*k + 48146. Calculate y(-23).
-62
Let b(f) = 21*f**2 - 343*f - 95. Give b(17).
143
Let x(s) = 3853*s + 7050. What is x(-2)?
-656
Let p(a) = -23*a**3 - 20*a**2 - 155*a - 591. Calculate p(-4).
1181
Let l(p) = -4*p**2 - 289*p - 4951. Calculate l(-33).
230
Let a(x) = 11000*x + 77031. Give a(-7).
31
Let z(b) = -21*b**2 + 12120*b - 36359. What is z(3)?
-188
Let z(h) = h**3 + 20*h**2 + 104*h + 656. Calculate z(-17).
-245
Let y(o) = -21*o**2 + 459*o + 23. Calculate y(25).
-1627
Let x(m) = -185*m**2 + 1493*m - 62. Give x(8).
42
Let t(s) = -23*s**3 - 74*s**2 - 44*s + 16. What is t(-5)?
1261
Let b(d) = -6*d**2 + 757*d + 2262. Determine b(129).
69
Let x(k) = 2*k**2 + 45*k + 13. Give x(-16).
-195
Let m(c) = 20*c**2 + 147*c + 819. Determine m(-21).
6552
Let z(a) = 18*a**2 + 4031*a + 154165. Determine z(-175).
-10
Let x(f) = 12984*f - 415366. What is x(32)?
122
Let h(t) = -276*t + 72856. Give h(264).
-8
Let j(c) = 7383*c**2 + 44202*c - 575. What is j(-6)?
1
Let x(u) = 129*u**2 + 5935*u + 46. Calculate x(-46).
0
Let o(x) = -208*x - 21942. What is o(-107)?
314
Let d(t) = 2*t**2 + 21*t - 37. Give d(-5).
-92
Let n(b) = -939*b + 61996. Determine n(65).
961
Let y(l) = -12*l**2 - 1337*l - 33472. Calculate y(-38).
6
Let w(a) = -a**2 + 999*a - 240430. Give w(405).
140
Let q(n) = -986*n - 61052. Give q(-61).
-906
Let w(c) = -6862675*c - 34313363. Calculate w(-5).
12
Let m(a) = -4651*a - 18489. What is m(-4)?
115
Let q(w) = 5*w**3 - 83*w**2 - 778*w + 1883. Determine q(2).
35
Let a(f) = 2934*f + 208740. Calculate a(-71).
426
Let q(l) = -l**3 - 39*l**2 - 197*l + 61. Calculate q(-6).
55
Let r(f) = 471*f**2 - 768*f - 1948. Calculate r(3).
-13
Let m(r) = 3*r**3 + 83*r**2 + 411*r + 91. What is m(-6)?
-35
Let b(j) = -19885*j + 2167468. What is b(109)?
3
Let p(y) = -624*y**2 - 6851*y + 19. Calculate p(-11).
-124
Let h(m) = -m**2 + 1013*m - 70925. What is h(76)?
287
Let f(u) = -2*u**3 + 118*u**2 + 1662*u - 107701. Give f(57).
29
Let a(j) = -1078*j + 51507. What is a(47)?
841
Let j(f) = 2*f**3 + 19*f**2 + 60*f - 12. Calculate j(-3).
-75
Let l(v) = v**2 - 1051*v - 47041. What is l(-43)?
1
Let o(i) = 10*i**3 + 12*i**2 + 2*i - 16. Give o(5).
1544
Let q(g) = 11*g**3 + 10*g**2 + 8*g - 31. Determine q(5).
1634
Let r(h) = h**3 - 21*h**2 + 3*h - 74. What is r(18)?
-992
Let m(g) = -4527*g - 31751. Give m(-7).
-62
Let d(l) = -53*l**2 - 8394*l + 16777. Determine d(2).
-223
Let z(l) = 656*l + 95775. Calculate z(-146).
-1
Let r(l) = -2*l**2 + 167*l - 3113. Give r(37).
328
Let y(z) = 406055*z + 406070. Determine y(-1).
15
Let v(a) = 26*a**2 - 2291*a + 4553. Calculate v(2).
75
Let l(b) = -652*b**2 + 423*b - 422. What is l(1)?
-651
Let w(r) = -2*r**3 + 12*r**2 - 16*r + 191. Give w(10).
-769
Let a(u) = u**3 + 60*u**2 + 222*u - 472. Determine a(-56).
-360
Let u(r) = -r**3 - 22*r**2 + 1079*r + 24735. Determine u(-24).
-9
Let v(f) = 1042*f**2 + 7249*f + 17. Determine v(-7).
332
Let y(r) = 3*r**3 - 56*r**2 - 581*r + 639. Give y(1).
5
Let a(w) = 272*w + 2666. Determine a(-8).
490
Let d(r) = r**3 - 17*r**2 - 1051*r + 17486. Calculate d(17).
-381
Let i(b) = 3*b**2 + 648*b - 20476. What is i(28)?
20
Let q(n) = n**3 + 13*n**2 + 76*n + 1540. Calculate q(-14).
280
Let z(k) = 1514*k - 62000. Calculate z(41).
74
Let o(f) = -24885*f - 74886. Give o(-3).
-231
Let j(o) = -475*o + 8239. Give j(18).
-311
Let y(n) = n**3 + 624*n**2 + 12665*n - 29. Determine y(-21).
-71
Let u(s) = -5275*s - 4615636. What is u(-875)?
-11
Let u(l) = l**2 + 12257*l - 73456. Determine u(6).
122
Let h(u) = 22*u**3 - 625*u**2 - 378*u + 52. What is h(29)?
23
Let d(o) = -15*o**2 + 116311*o - 116298. Determine d(1).
-2
Let r(j) = -83*j**2 + 149*j + 35. Give r(2).
1
Let x(g) = -g**3 + 11*g**2 + 142*g - 925. Give x(7).
265
Let s(o) = -o**2 + 102*o + 833. Determine s(-9).
-166
Let f(y) = -14*y**3 - 110*y**2 + 198*y + 1469. What is f(-8)?
13
Let b(n) = n**3 - 554*n**2 + 2281*n - 346022. Give b(551).
6
Let n(l) = -2*l**3 - 110*l**2 - 287*l + 6173. Determine n(-51).
2
Let w(k) = 5*k**2 + 30*k - 4. Calculate w(-4).
-44
Let k(l) = 36*l**2 + 288*l - 59. Calculate k(-13).
2281
Let g(l) = -l**3 + 110*l**2 + 574*l + 110. Determine g(115).
-5
Let i(o) = -96*o**3 - 10369*o**2 - 105*o + 305. What is i(-108)?
-19
Let p(b) = 3*b**2 - 5255*b + 41894. What is p(8)?
46
Let d(j) = -257*j**2 - 88924*j - 657. Give d(-346).
35
Let i(p) = -10*p**2 + 402*p + 195. What is i(28)?
3611
Let i(b) = 101*b + 9367. Determine i(-97).
-430
Let v(r) = 4801*r - 76948. What is v(16)?
-132
Let w(i) = -113*i**3 + 15*i**2 + 17*i - 15. Determine w(-3).
3120
Let z(l) = -1259*l + 357438. Give z(284).
-118
Let f(u) = 9*u**2 - 26854*u + 533481. Calculate f(20).
1
Let b(m) = 92*m**3 + 1281*m**2 - 96*m + 25. What is b(-14)?
-3
Let b(z) = 4*z**2 - 71214*z + 427293. Determine b(6).
153
Let c(l) = 4831*l + 5927. What is c(-1)?
1096
Let m(r) = 2*r**3 + 14*r**2 - 51*r - 69. Give m(-11).
-476
Let d(x) = 7214*x - 151509. Give d(21).
-15
Let g(p) = -2254*p + 1981258. Determine g(879).
-8
Let y(f) = 3*f**3 - 59*f**2 + 38*f - 220. Calculate y(19).
-220
Let c(t) = -t**3 + 111*t**2 - 312*t - 1232. Determine c(108).
64
Let x(i) = -i**3 - 4*i**2 + 4641*i + 58774. What is x(-13)?
-38
Let c(q) = -4*q**3 + 65*q**2 - 298*q - 16. Give c(5).
-381
Let j(d) = -1452*d + 76879. What is j(53)?
-77
Let v(f) = -1278*f - 373265. Give v(-292).
-89
Let f(x) = -11771*x + 295276. What is f(25)?
1001
Let h(f) = -5*f**2 + 37*f - 279. What is h(21)?
-1707
Let d(t) = t**2 - 50*t - 35891. What is d(-165)?
-416
Let r(h) = 3*h**3 - 6*h**2 - 1026*h - 7228. Give r(-7).
-1369
Let j(y) = 163*y**3 - 8002*y**2 + 726*y + 434. What is j(49)?
-7
Let